Suppose d - 5*p + 0*p - 67 = 0, -4*p - 146 = -3*d. Calculate the greatest common divisor of d and 28.
14
Suppose 0 = z - 6*z. Suppose z = 2*d - 3 - 9. Calculate the highest common divisor of d and 15.
3
Let i be (36 - -1) + (-1)/1. Suppose 114 = 2*s + 3*q, 2*s - q + 164 = 5*s. Calculate the greatest common factor of s and i.
18
Suppose -4 = -r, -r - 36 + 14 = -t. What is the greatest common factor of 13 and t?
13
Suppose -o + 10 = 2. Let l(d) = 36*d - 2 - o*d + 0. Let y be l(4). Calculate the greatest common divisor of 10 and y.
10
Let c(u) be the first derivative of -u**3/3 + 3*u**2 + 3*u - 1. Let t be c(3). Let y = 170 + -158. What is the highest common factor of t and y?
12
Let s = -24 + 27. What is the greatest common divisor of s and 3?
3
Let j be 10/(-15)*42/(-4). Let d = j + 4. Suppose 0*g - 169 = -3*g - 2*r, -3*r + 226 = 4*g. Calculate the greatest common divisor of d and g.
11
Let j(k) = k**3 - 27*k**2 + 25*k**2 - 2*k + 5 - 2*k**3. Let z be j(-5). Suppose -108 = -5*v + 2*v. Calculate the greatest common divisor of v and z.
18
Suppose 3*x = -l - l + 97, -20 = -4*l. Let q = x + -18. Calculate the highest common divisor of 55 and q.
11
Suppose -4*g - 13 = -33. Let q = 11 - g. What is the highest common divisor of 3 and q?
3
Suppose 0 = -5*u + 3*r + 139, -7 - 62 = -3*u - 3*r. Suppose 52 = 13*o - 9*o. What is the highest common factor of o and u?
13
Suppose 6*h = 11*h - 75. Let u = h + -6. What is the highest common divisor of 72 and u?
9
Let r(m) = m - 1. Let k = 2 + -1. Let f be r(k). Suppose 0 = -f*w + 5*w - 80. Calculate the highest common divisor of 144 and w.
16
Let m(d) = -d**2 + 2*d + 3. Let q be m(-2). Let u(r) = -r - 7. Let v be u(q). Let w = v - -14. What is the highest common divisor of 3 and w?
3
Let j(y) be the third derivative of -y**4/8 - y**3 + y**2. Let a be j(-5). Calculate the greatest common divisor of a and 36.
9
Suppose 3*p + 0*p = -6, -4*u - p = -146. What is the greatest common divisor of 111 and u?
37
Let c be (-2)/3 + (-258)/(-9). Suppose -r = -c + 3. Let v = 219 - -6. Calculate the greatest common factor of r and v.
25
Let j(k) = -2*k**2 - 4*k + 4. Let u be j(4). Let c = -67 - -47. Let r = c - u. Calculate the highest common factor of r and 6.
6
Let w = 239 - 122. Calculate the greatest common factor of 13 and w.
13
Suppose -a = -6*a. Suppose a = 2*c - w - 193, 40 = c + w - 64. Calculate the highest common factor of 11 and c.
11
Let u be (-22)/(-5) + (-4)/10. Let c be 2/4*u*11. Let g(k) = -k**3 + 8*k**2 + 6*k + 7. Let f be g(8). Calculate the highest common factor of c and f.
11
Suppose -3*n = 3, y - 5*y = 2*n - 26. Suppose -y*b + 3*b = -48. What is the greatest common factor of 12 and b?
12
Let b be (812/87)/((-4)/(-6)). What is the greatest common divisor of b and 2?
2
Let l = -204 - -303. Let n(t) = -t**2 + 15*t - 1. Let w(x) = 7*x - 1. Let b(y) = -2*n(y) + 5*w(y). Let q be b(-4). What is the highest common factor of l and q?
9
Suppose 14*q - 16*q = -4. Suppose f - 2 = -5*t, -1 = -2*f + 3*t + 3. What is the highest common factor of f and q?
2
Suppose -6*u = 4*u - 400. What is the greatest common divisor of u and 140?
20
Let r be 3/(-12) - 3/(-12). Suppose -2*p + r*p = -4. Suppose -2*s + 2*q = -100, -4*q = -p*s - 0*q + 100. Calculate the highest common divisor of s and 10.
10
Let h = -1 - 2. Let i(g) = 4*g + 1. Let p be i(1). Let v = h + p. What is the highest common divisor of 16 and v?
2
Let r be ((-4)/(-3) + -1)*0. Suppose -3*c = 5*q - 4*c - 134, c + 4 = r. What is the highest common divisor of q and 286?
26
Let o = 24 + -14. Suppose -2 = -3*z + o. What is the highest common factor of z and 2?
2
Let r = 20 + -5. Suppose 0 = 3*v - r - 12. Calculate the greatest common factor of v and 6.
3
Let m(i) = -i**3 - 8*i**2 + 10*i + 9. Let g be m(-9). Suppose 0*l + 3*l - 3 = g. What is the highest common factor of 5 and l?
1
Let f be (6 - 0)*12/(-18). Let q be 1/(-2)*f - 0. Suppose 2*m = -0*g + 2*g - 38, 4*m = q*g - 42. What is the highest common factor of 153 and g?
17
Let y be -3 + 6/(-3) + 1 + 12. What is the greatest common divisor of 72 and y?
8
Let p be 2 + 122 - (-8)/(8/(-4)). Calculate the highest common divisor of p and 48.
24
Suppose -2*r - 2*w = -578, -675 + 88 = -2*r - 5*w. What is the highest common factor of r and 26?
26
Let y(m) = -m**3 + 3*m**2 + 4*m + 4. Let t be y(4). Calculate the highest common divisor of t and 16.
4
Suppose 0 = -2*r - 0*h - h + 54, 2*r - 4*h - 64 = 0. What is the greatest common factor of r and 14?
14
Let p = 9 - 1. Calculate the highest common factor of p and 88.
8
Suppose -t + 564 = -5*d, 0 = -t - 3*t - 2*d + 2366. Let z be (-1)/3 + t/3. Let g = -54 - -82. Calculate the highest common divisor of g and z.
28
Let m be 1286/7 - (-2)/7. Suppose 2*h - 46 = -0*h. What is the highest common factor of m and h?
23
Let f be -6*((-8)/3 - -2). Suppose 0 = 5*r - 11 - f. Calculate the greatest common divisor of r and 24.
3
Let h be (22/6)/((-2)/(-48)). Suppose -7*l - 15 = -92. What is the greatest common factor of l and h?
11
Let o(q) = 2*q**3 - 3*q**2 + 4*q. Let f be o(4). Suppose -g - 4*t + 20 = 0, 41 = 3*g - t + 7. What is the greatest common divisor of g and f?
12
Suppose -3*o - 104 = -7*o. Calculate the highest common divisor of 182 and o.
26
Let n be 24*(-20)/(-12)*3. What is the greatest common divisor of n and 90?
30
Let f(u) = 5*u**3 - u**2 + 1. Let d be f(-1). Let k = d - -7. Suppose -k*m + 9 = -5*p + 2, -5*p + 25 = 0. What is the greatest common divisor of 40 and m?
8
Suppose -175 = -4*k + 785. Calculate the highest common factor of 30 and k.
30
Let g(k) = -5*k. Let c be g(-4). Suppose a + 0*a - 2*z + 2 = 0, -5*a + 2 = -4*z. Suppose 180 = -y + a*y. What is the greatest common factor of c and y?
20
Suppose 0 = 4*a + 10 + 6. Let w = 4 + a. Suppose w*m - 2*m = -10. What is the greatest common factor of 15 and m?
5
Suppose 10*o = 8*o + 28. Calculate the greatest common factor of o and 154.
14
Suppose 2 = -3*t + 3*z - 13, 21 = -5*t + z. Let m = 7 - t. Let k = -18 - -29. Calculate the greatest common divisor of k and m.
11
Suppose -a + 132 = 10*a. Calculate the greatest common factor of 12 and a.
12
Let g(f) = f**2 - f - 2. Let s be g(2). Let i be -1 + 18 + (s - -1). What is the greatest common divisor of i and 3?
3
Suppose 5*u + 0*u = 20. What is the greatest common divisor of u and 36?
4
Suppose -m - 3*m = -64. Let b = 6 - 4. Suppose 2*a = -r + 3 - 0, -3*r = -b*a + 7. What is the greatest common divisor of m and a?
2
Suppose 4*s + 4 = 0, q = 2*q - 3*s - 27. Calculate the greatest common divisor of q and 56.
8
Let s be (1/(-3))/(3/(-36)). Suppose -35 = -5*b + 5*g, 2*b + g + 12 = s*b. Suppose -b*d = -0*d - 315. Calculate the greatest common divisor of 9 and d.
9
Let k = -9 + 21. Suppose 0 = 5*w - 13 - 47. Calculate the highest common divisor of w and k.
12
Let b be -4 + 5 - (-3 - -1). Suppose 3*i - 3*s = 525, i + b*s - 108 = 55. Let w be i/20 + (-4)/(-10). What is the highest common factor of 9 and w?
9
Let j be 59 + 0 + -2 + -2. Let m(p) = -p + 3. Let n be m(2). Let g be n/(-2) - (-135)/6. Calculate the greatest common factor of j and g.
11
Suppose 0 = 5*u + 25, 3*q - 2*u - 25 = -0. Let c be (-13 + 18)*3/q. Calculate the greatest common divisor of 2 and c.
1
Let n be 1/(-4) - (-105)/(-28). Let j = 6 + n. What is the greatest common factor of 1 and j?
1
Suppose 0 = -4*g - r + 466, 4*g - 4*r + 0*r - 476 = 0. Let u = 5 + 8. What is the highest common factor of g and u?
13
Let h = -46 + 66. Suppose 2*m - h + 4 = 0. Let q(p) = 4*p - 8. Let f be q(10). Calculate the greatest common divisor of f and m.
8
Suppose -94 = -3*p + l, 4*p - 2*l = 150 - 28. Calculate the highest common factor of p and 3.
3
Suppose 4*a + j = 14, 0 = -j + 6*j - 10. What is the greatest common divisor of 18 and a?
3
Let y be (2/(-3))/((-2)/48). Let z be (144/(-15))/(18/(-60)). Calculate the greatest common factor of y and z.
16
Let g(b) = 2*b**3 + 42*b**2 - 2*b - 25. Let v be g(-21). What is the greatest common divisor of v and 119?
17
Suppose -4*o = 4*g - 92, -4*g - 2*o + 87 = o. Let l be 40/(-15)*(-90)/8. Let n = 75 - l. What is the greatest common factor of g and n?
9
Let w be 150/22 - 2/(-11). Suppose 0 = 4*m - w*m + 27. Calculate the highest common factor of m and 9.
9
Suppose 0*h = -4*h + 196. Calculate the gr